 7. Give z(-11).
4
Let m(f) = 8*f - 64. What is m(7)?
-8
Let i(p) = 5*p**2 - 3*p + 6. Determine i(2).
20
Let x(r) = r**3 + 41*r**2 - 42*r - 12. Calculate x(-42).
-12
Let s(c) = 7*c + 45. What is s(-8)?
-11
Let d(k) = 5*k - 9. Calculate d(-6).
-39
Let x(g) = 2*g**3 - 6*g**2 + 10*g - 8. What is x(2)?
4
Let i(x) = x**2 + 3*x - 98. Determine i(-11).
-10
Let w(t) = 11*t**2 - 2*t. Give w(-2).
48
Let h(i) = i**2 + 21*i + 57. Calculate h(-3).
3
Let i(n) = -59*n + 649. Give i(11).
0
Let w(r) = 82*r - 2. Calculate w(1).
80
Let y(p) = 28*p + 2. Give y(1).
30
Let s(n) = 2*n + 13. Give s(-6).
1
Let o(p) = -2*p**3 + 55*p**2 - 27*p - 4. Give o(27).
-4
Let t(x) = 4*x**2 + 4*x + 2. What is t(-3)?
26
Let d(x) = -9*x + 206. Determine d(20).
26
Let y(t) = -2*t**3 - 28*t**2 + 6*t + 5. Calculate y(-14).
-79
Let v(h) = 2*h**2 - 14*h - 3. What is v(6)?
-15
Let r(v) = -v**2 + 6*v - 3. Determine r(7).
-10
Let r(o) = -o**2 + 2*o + 42. Calculate r(-6).
-6
Let z(n) = 25*n + 44. Calculate z(-7).
-131
Let u(h) = h**3 - 29*h**2 - 31*h + 21. What is u(30)?
-9
Let r(m) = -m**3 + 4*m**2 - 4*m + 1. Give r(4).
-15
Let o(f) = -f**2 + 28*f + 103. Give o(31).
10
Let i(u) = -u**2 - 23*u - 25. Calculate i(-22).
-3
Let l(v) = -2*v**2 - 8*v - 5. Determine l(-4).
-5
Let q(u) = -4*u + 84. What is q(25)?
-16
Let d(g) = 15*g + 18. Calculate d(-5).
-57
Let q(l) = -l**3 + 10*l**2 + l - 12. Calculate q(10).
-2
Let z(c) = -7*c**2 + 106*c - 3. Determine z(15).
12
Let g(u) = 4*u - 5. Calculate g(3).
7
Let s(i) = -12*i**3 - i**2 - 2*i + 2. What is s(1)?
-13
Let y(b) = -7*b + 39. Give y(5).
4
Let j(y) = y - 1. What is j(-4)?
-5
Let d(g) = -g**2 + 23*g + 23. Determine d(24).
-1
Let m(p) = p**3 - 6*p**2 + p - 1. What is m(4)?
-29
Let t(v) = -2*v**2 + 4*v + 6. What is t(7)?
-64
Let u(n) = n**3 - 7*n**2 - 10*n + 12. What is u(8)?
-4
Let c(r) = r + 16. Give c(-5).
11
Let q(u) = 5*u**2 - u - 1. Determine q(-1).
5
Let f(v) = 6*v + 58. Determine f(-6).
22
Let h(z) = 5*z**3 + z**2 + 3*z - 4. What is h(1)?
5
Let d(s) = s**2 + 43. What is d(0)?
43
Let d(p) = -p**3 + 8*p**2 - 11*p. What is d(6)?
6
Let p(i) = 26*i - 589. Give p(23).
9
Let z(h) = -h**3 + 24*h**2 - 2*h + 43. What is z(24)?
-5
Let n(a) = a**3 - a**2 - 3*a + 8. Determine n(2).
6
Let m(o) = 2*o**2 - 12*o + 25. Calculate m(9).
79
Let x(d) = -10*d - 11. Determine x(-2).
9
Let q(a) = a**3 - 6*a**2 - 11*a + 6. Determine q(7).
-22
Let n(w) = -2*w**2 + 64*w - 226. What is n(28)?
-2
Let v(g) = g**2 - 2*g - 28. Calculate v(7).
7
Let g(p) = 26*p - 22. What is g(4)?
82
Let u(k) = k - 13. Determine u(10).
-3
Let t(o) = -49*o + 495. What is t(10)?
5
Let y(v) = -v**3 + 7*v**2 + 6*v + 11. Determine y(8).
-5
Let m(k) = 7*k**2 - k - 1. What is m(-2)?
29
Let s(k) = 38*k**2 - 1. Calculate s(-1).
37
Let q(x) = -54*x + 1081. Determine q(20).
1
Let o(s) = -15*s - 16. What is o(-1)?
-1
Let o(z) = z**2 - 14*z + 28. Determine o(9).
-17
Let o(t) = -4*t**2 + 140*t - 11. Give o(35).
-11
Let v(w) = -w**3 + 4*w**2 + w + 9. Calculate v(4).
13
Let r(n) = n**2 - 10*n + 5. Give r(11).
16
Let y(a) = -a**3 + 4*a**2 - 3*a + 5. What is y(4)?
-7
Let c(b) = -b**2 + 6*b + 20. What is c(9)?
-7
Let l(f) = -9*f**3 + f**2. Calculate l(-1).
10
Let n(p) = -p**3 + 11*p**2 - 5*p - 24. Give n(10).
26
Let m(i) = i**3 - 7*i**2 - 12*i + 4. Calculate m(8).
-28
Let o(v) = 23*v - 232. Give o(8).
-48
Let b(c) = 2*c**3 - 16*c**2 + 5. Calculate b(8).
5
Let j(t) = 10*t + 36. What is j(-4)?
-4
Let o(v) = 47*v + 473. Give o(-10).
3
Let l(b) = -37*b**2 + 1. Give l(-1).
-36
Let f(c) = c**3 + 5*c**2 - 3*c + 8. What is f(-6)?
-10
Let u(o) = -2*o**2 + 14*o + 18. Give u(-4).
-70
Let a(f) = -f**2 - 2*f + 1. Calculate a(-2).
1
Let l(j) = j**2 + 23*j + 12. Give l(-23).
12
Let t(k) = k**3 + 9*k**2 - 3*k - 24. Calculate t(-9).
3
Let n(m) = m**3 - 5*m**2 - 2*m + 8. Determine n(5).
-2
Let f(m) = -m**2 + 14. Determine f(-9).
-67
Let p(v) = -4*v**2 - 2*v - 1. Determine p(-1).
-3
Let r(q) = -q**2 + 3*q - 1. Determine r(3).
-1
Let i(y) = y**2 - 2*y. Determine i(1).
-1
Let k(r) = -4*r + 2. Give k(-1).
6
Let i(l) = -17*l**2 + 3*l + 3. Calculate i(-2).
-71
Let r(y) = y**2 - 19*y - 10. Determine r(20).
10
Let k(c) = -4*c - 11. Give k(-7).
17
Let l(c) = 5*c - 170. What is l(36)?
10
Let y(g) = g**2 - 7*g - 13. Calculate y(9).
5
Let y(k) = -13*k**2 - 9*k - 6. Calculate y(-3).
-96
Let d(z) = z**3 + z**2 - z - 57. Give d(0).
-57
Let z(s) = -s**2 - 16*s + 22. Determine z(-17).
5
Let i(y) = y**2 - 8*y - 9. Calculate i(10).
11
Let d(f) = -4*f + 57. Determine d(17).
-11
Let y(c) = -2*c**2 - 7*c + 1. What is y(-4)?
-3
Let f(j) = 7*j - 51. Calculate f(7).
-2
Let u(v) = 3*v - 149. What is u(47)?
-8
Let r(u) = 26*u**2 + 3*u + 1. What is r(-2)?
99
Let p(c) = -3*c**2 + 6*c + 6. Calculate p(5).
-39
Let n(v) = 2*v**3 + 5*v**2 + v - 10. Calculate n(-3).
-22
Let x(i) = i**2 + 19*i + 14. Calculate x(-20).
34
Let g(n) = n**3 - n**2 + 2*n - 2. Determine g(3).
22
Let x(h) = h**2 - 16*h - 9. What is x(10)?
-69
Let w(y) = -2*y**3 - 79*y**2 + 40*y + 32. Determine w(-40).
32
Let y(f) = -2*f**2 - 18*f - 12. Calculate y(-6).
24
Let o(d) = -24*d + 212. Determine o(9).
-4
Let q(z) = 6*z - 1. What is q(-5)?
-31
Let k(q) = -2*q**2 + 13*q + 20. What is k(13)?
-149
Let z(p) = -p**3 + p**2 + p - 18. Give z(0).
-18
Let q(l) = 8*l + 376. What is q(-49)?
-16
Let y(o) = -12*o + 14. Calculate y(4).
-34
Let y(a) = a**3 + a**2 + a + 7. Calculate y(0).
7
Let h(g) = -2*g**2 + 17*g - 29. Determine h(6).
1
Let s(j) = 21*j**2 - 2*j - 3. Give s(1).
16
Let a(u) = -11*u - 10. Give a(-1).
1
Let i(u) = u**3 + 3*u**2 - 9*u + 7. What is i(-5)?
2
Let g(u) = -u**3 - 33*u**2 + 72*u + 65. Calculate g(-35).
-5
Let r(z) = 4*z - 3. Give r(3).
9
Let n(i) = -9*i - 9. Calculate n(-1).
0
Let a(i) = 2*i**2 + 6*i. Calculate a(3).
36
Let i(t) = 8*t + 6. Determine i(0).
6
Let y(i) = -i**3 - 12*i**2 + 17*i + 41. Determine y(-13).
-11
Let v(p) = -p**3 - 5*p**2 + 10*p + 9. Give v(-7).
37
Let p(y) = -y**3 - 21*y**2 - 36*y + 35. What is p(-19)?
-3
Let v(h) = -4*h - 27. What is v(-7)?
1
Let n(p) = -p**2 + p + 1. Determine n(-2).
-5
Let g(u) = 39*u**2 + 18*u. Calculate g(-1).
21
Let c(v) = v**3 + 12*v**2 + 25*v - 18. Give c(-4).
10
Let v(p) = -p**2 - 4*p + 2. Give v(-5).
-3
Let a(o) = 6*o**2 - 33*o - 10. What is a(6)?
8
Let k(l) = 34*l**3 + 2*l**2 - l - 1. Calculate k(-1).
-32
Let s(f) = -f**2 + 9*f + 16. What is s(11)?
-6
Let m(k) = -k**3 + k**2 + 32*k + 2. Determine m(-5).
-8
Let f(j) = -j**2 + 11*j + 48. Determine f(21).
-162
Let a(i) = i**2 + 14*i + 13. Determine a(-12).
-11
Let v(j) = -2*j + 14. Calculate v(4).
6
Let y(j) = -14*j - 4. What is y(3)?
-46
Let y(v) = 12*v**2. Calculate y(-1).
12
Let m(o) = o**3 + 20*o**2 - 5*o - 8. Determine m(-20).
92
Let l(m) = -m**3 + 5*m**2 - 2*m + 3. Give l(4).
11
Let c(p) = 5*p + 40. What is c(-7)?
5
Let f(v) = -17*v - 20. Give f(-4).
48
Let i(z) = -z**3 - 24*z**2 + 21*z - 56. Determine i(-25).
44
Let v(l) = -l**3 - 5*l**2 + 16*l + 6. Determine v(-7).
-8
Let n(s) = -10*s**2 + 143*s - 43. Determine n(14).
-1
Let p(i) = -i**2 + 2*i + 6. Calculate p(3).
3
Let b(r) = -2*r - 47. Calculate b(-16).
-15
Let k(u) = -u**3 + 7*u**2 - 6*u + 4. Give k(6).
4
Let g(t) = -t**2 + 6*t - 3. Give g(4).
5
Let r(c) = -c**2 - 9*c - 4. What is r(-9)?
-4
Let w(b) = 4*b - 65. Determine w(20).
15
Let c(x) = -3*x**2 + 6*x + 6. Determine c(5).
-39
Let q(l) = -l**3 - 14*l**2 + l + 15. Calculate q(-14).
1
Let s(q) = 43*q**3 - 3*q + 2. Give s(1).
42
Let j(n) = n**3 - 20*n**2 - 126*n + 19. Give j(25).
-6
Let g(i) = -i**3 + 3*i**2 + i - 2. What is g(1)?
1
Let v(k) = k**2 + 8*k - 10. Calculate v(-9).
-1
Let z(p) = -6*p + 4. Calculate z(2).
-8
Let j(u) = u**3 + 7*u**2 + 4*u + 17. Determine j(-4).
49
Let n(m) = -m**3 - m**2 - m + 1. Determine n(3).
-38
Let g(n) = 3*n**2 - 68*n + 41. Determine g(22).
-3
Let w(u) = -u**2 - 17*u - 57. What is w(-13)?
-5
Let q(c) = -c**3 - 6*c**2 + 8*c - 14. Determine q(-7).
-21
Let a(j) = 5*j - 9. Give a(6).
21
Let z(j) = -2*j**2 + 41*j + 8. Give z(21).
-13
Let l(o) = -o + 1. What is l(-4)?
5
Let j(a) = 2*a**2 - 15*a - 4. Calculate j(8).
4
Let j(s) = -s**2 + 15*s + 8. Give j(16).
-8
Let a(b) = -b - 2. Give a(5).
-7
Let c(r) = -3*r**3 - r - 1. What is c(-1)?
3
Let h(v) = -2*v**2 + 7*v + 14. What is h(7)?
-35
Let h(y) = -y**2 + 13. Determine h(0).
13
Let t(w) = w**3 +